{"id":196,"date":"2025-10-04T14:49:19","date_gmt":"2025-10-04T12:49:19","guid":{"rendered":"https:\/\/barloventoservicios.com\/web\/?page_id=196"},"modified":"2025-10-15T23:52:09","modified_gmt":"2025-10-15T21:52:09","slug":"proteccion-maritima-para-buques-e-instalaciones-portuarias","status":"publish","type":"page","link":"https:\/\/barloventoservicios.com\/web\/proteccion-maritima-para-buques-e-instalaciones-portuarias\/","title":{"rendered":"PROTECCI\u00d3N MARITIMA PARA BUQUES E INSTALACIONES PORTUARIAS"},"content":{"rendered":"<p>[et_pb_section fb_built=\u00bb1&#8243; _builder_version=\u00bb4.27.4&#8243; _module_preset=\u00bbdefault\u00bb background_color=\u00bb#848484&#8243; background_image=\u00bbhttps:\/\/barloventoservicios.com\/web\/wp-content\/uploads\/2025\/10\/Banner-Servicios.jpg\u00bb global_colors_info=\u00bb{}\u00bb][et_pb_row _builder_version=\u00bb4.27.4&#8243; _module_preset=\u00bbdefault\u00bb global_colors_info=\u00bb{}\u00bb][et_pb_column type=\u00bb4_4&#8243; _builder_version=\u00bb4.27.4&#8243; _module_preset=\u00bbdefault\u00bb global_colors_info=\u00bb{}\u00bb][\/et_pb_column][\/et_pb_row][et_pb_row _builder_version=\u00bb4.27.4&#8243; _module_preset=\u00bbdefault\u00bb global_colors_info=\u00bb{}\u00bb][et_pb_column type=\u00bb4_4&#8243; _builder_version=\u00bb4.27.4&#8243; _module_preset=\u00bbdefault\u00bb global_colors_info=\u00bb{}\u00bb][et_pb_text _builder_version=\u00bb4.27.4&#8243; _module_preset=\u00bbdefault\u00bb text_text_color=\u00bb#FFFFFF\u00bb text_font_size=\u00bb20px\u00bb header_font=\u00bbPoppins|600|||||||\u00bb header_text_align=\u00bbcenter\u00bb header_text_color=\u00bb#FFFFFF\u00bb text_orientation=\u00bbcenter\u00bb global_colors_info=\u00bb{}\u00bb]<\/p>\n<h1>PROTECCI\u00d3N MARITIMA PARA BUQUES E INSTALACIONES PORTUARIAS<\/h1>\n<p>Evaluaciones de protecci\u00f3n, planes de protecci\u00f3n, auditorias internas, ejercicios, practicas y simulacros, controles e inspecciones, formaci\u00f3n y capacitaci\u00f3n, acompa\u00f1amiento y asistencia, proteccion de buques por los preceptos del c\u00f3digo PBIP<\/p>\n<p>[\/et_pb_text][\/et_pb_column][\/et_pb_row][et_pb_row _builder_version=\u00bb4.27.4&#8243; _module_preset=\u00bbdefault\u00bb global_colors_info=\u00bb{}\u00bb][et_pb_column type=\u00bb4_4&#8243; _builder_version=\u00bb4.27.4&#8243; _module_preset=\u00bbdefault\u00bb global_colors_info=\u00bb{}\u00bb][\/et_pb_column][\/et_pb_row][\/et_pb_section][et_pb_section fb_built=\u00bb1&#8243; _builder_version=\u00bb4.27.4&#8243; _module_preset=\u00bbdefault\u00bb global_colors_info=\u00bb{}\u00bb][et_pb_row _builder_version=\u00bb4.27.4&#8243; _module_preset=\u00bbdefault\u00bb global_colors_info=\u00bb{}\u00bb][et_pb_column type=\u00bb4_4&#8243; _builder_version=\u00bb4.27.4&#8243; _module_preset=\u00bbdefault\u00bb global_colors_info=\u00bb{}\u00bb][et_pb_text _builder_version=\u00bb4.27.4&#8243; _module_preset=\u00bbdefault\u00bb text_text_color=\u00bb#000000&#8243; text_orientation=\u00bbjustified\u00bb hover_enabled=\u00bb0&#8243; global_colors_info=\u00bb{}\u00bb custom_css_free_form=\u00bbselector {||  text-align: justify;||  hyphens: auto;||  -webkit-hyphens: auto;||  -moz-hyphens: auto;||  -ms-hyphens: auto;||  overflow-wrap: break-word; \/* evita huecos grandes *\/||  word-break: normal;        \/* cortes normales de palabra *\/||  word-spacing: normal;||  letter-spacing: normal;||}||\u00bb sticky_enabled=\u00bb0&#8243;]<\/p>\n<p><strong>De acuerdo al C\u00f3digo PBIP\/ISPS Code y lo dispuesto en el Cap\u00edtulo XI-2 del Convenio SOLAS, todos los buques e instalaciones portuarias deben tener un Plan de Protecci\u00f3n basado en los preceptos de dicho C\u00f3digo, lo cual es esencial para mantener e incrementar la Protecci\u00f3n Mar\u00edtima y de esa forma cuidar de la Seguridad Patrimonial y Corporativa de la Compa\u00f1\u00eda<\/strong><\/p>\n<p>Desde Barlovento Servicios Profesionales colaboramos con las Compa\u00f1\u00edas ofreciendo nuestros Profesionales que cuentan con muchos a\u00f1os de experiencia en la materia, tanto desde el sector p\u00fablico como Analista de Inteligencia sino como Experto en Protecci\u00f3n de Buques e Instalaciones Portuarias, asesorando y acompa\u00f1ando distintas empresas y compa\u00f1\u00edas, adem\u00e1s de dictar distintos cursos, formaciones y preparando personal especializado.<\/p>\n<p>Nuestro principal servicio es DISE\u00d1AR, ELABORAR, DESAROLLAR, IMPLEMENTAR Y ACOMPA\u00d1AR A LA COMPA\u00d1IA TANTO AL OPIP COMO AL OCPM Y LOS OPB EN LAS ACCIONES DE PROTECCION BASADO EN EL CODIGO PBIP CUMPLIENDO CON LOS EST\u00c1NDARES INTERNACIONALES Y MEJORES PRACTICAS GLOBALES, ADECUADO A LAS NECESIDAD Y REALIDAD DE LA COMPA\u00d1IA Y SUS OPERACIONES<\/p>\n<p>Si usted nos elige, nuestro servicio comprende:<\/p>\n<ul>\n<li>Auditor\u00eda Interna de los distintos Planes de Protecci\u00f3n y Sistemas de Protecci\u00f3n de cada Buque, de forma que el OCPM y los OPB, en conjunto con la Gerencia de Seguridad Patrimonial y Seguridad Corporativa, puedan tener una visi\u00f3n objetiva e independiente y a partir de all\u00ed desarrollar estrategias de mejora continua.<\/li>\n<li>Elaboraci\u00f3n de las Evaluaciones de Protecci\u00f3n de los Buques, que son indispensables dado que establecen el marco de acci\u00f3n futura.<\/li>\n<li>Definici\u00f3n de las distintas medidas de Protecci\u00f3n acorde a la zona de Operaciones y la situaci\u00f3n en la misma<\/li>\n<li>Desarrollo de los Planes de Protecci\u00f3n de los buques para un efectivo y eficaz cumplimiento de los mismos con apoyo y asesoramiento permanente al OCPM y los OPB<\/li>\n<li>Formaci\u00f3n y capacitaci\u00f3n en nivel en tierra como a bordo, as\u00ed como participaci\u00f3n en distintos Talleres y Seminarios organizados por Barlovento Servicios Profesionales.<\/li>\n<li>Presencia efectiva en todos los buques en Paraguay, Argentina y Uruguay para favorecer la implementaci\u00f3n mediante personal especializado<\/li>\n<li>Auditor\u00edas internas de evaluaci\u00f3n para preparar la Auditor\u00eda Anual y Certificaci\u00f3n.<\/li>\n<\/ul>\n<p>[\/et_pb_text][\/et_pb_column][\/et_pb_row][\/et_pb_section]<\/p>\n","protected":false},"excerpt":{"rendered":"<p>PROTECCI\u00d3N MARITIMA PARA BUQUES E INSTALACIONES PORTUARIAS Evaluaciones de protecci\u00f3n, planes de protecci\u00f3n, auditorias internas, ejercicios, practicas y simulacros, controles e inspecciones, formaci\u00f3n y capacitaci\u00f3n, acompa\u00f1amiento y asistencia, proteccion de buques por los preceptos del c\u00f3digo PBIPDe acuerdo al C\u00f3digo PBIP\/ISPS Code y lo dispuesto en el Cap\u00edtulo XI-2 del Convenio SOLAS, todos los buques [&hellip;]<\/p>\n","protected":false},"author":1,"featured_media":27,"parent":0,"menu_order":0,"comment_status":"closed","ping_status":"closed","template":"","meta":{"_et_pb_use_builder":"on","_et_pb_old_content":"","_et_gb_content_width":"","footnotes":""},"class_list":["post-196","page","type-page","status-publish","has-post-thumbnail","hentry"],"yoast_head":"<!-- This site is optimized with the Yoast SEO plugin v26.2 - https:\/\/yoast.com\/wordpress\/plugins\/seo\/ -->\n<title>PROTECCI\u00d3N MARITIMA PARA BUQUES E INSTALACIONES PORTUARIAS - Barloventos Servicios<\/title>\n<meta name=\"robots\" content=\"index, follow, max-snippet:-1, max-image-preview:large, max-video-preview:-1\" \/>\n<link rel=\"canonical\" href=\"https:\/\/barloventoservicios.com\/web\/proteccion-maritima-para-buques-e-instalaciones-portuarias\/\" \/>\n<meta property=\"og:locale\" content=\"es_ES\" \/>\n<meta property=\"og:type\" content=\"article\" \/>\n<meta property=\"og:title\" content=\"PROTECCI\u00d3N MARITIMA PARA BUQUES E INSTALACIONES PORTUARIAS - Barloventos Servicios\" \/>\n<meta property=\"og:description\" content=\"PROTECCI\u00d3N MARITIMA PARA BUQUES E INSTALACIONES PORTUARIAS Evaluaciones de protecci\u00f3n, planes de protecci\u00f3n, auditorias internas, ejercicios, practicas y simulacros, controles e inspecciones, formaci\u00f3n y capacitaci\u00f3n, acompa\u00f1amiento y asistencia, proteccion de buques por los preceptos del c\u00f3digo PBIPDe acuerdo al C\u00f3digo PBIP\/ISPS Code y lo dispuesto en el Cap\u00edtulo XI-2 del Convenio SOLAS, todos los buques [&hellip;]\" \/>\n<meta property=\"og:url\" content=\"https:\/\/barloventoservicios.com\/web\/proteccion-maritima-para-buques-e-instalaciones-portuarias\/\" \/>\n<meta property=\"og:site_name\" content=\"Barloventos Servicios\" \/>\n<meta property=\"article:modified_time\" content=\"2025-10-15T21:52:09+00:00\" \/>\n<meta property=\"og:image\" content=\"https:\/\/barloventoservicios.com\/web\/wp-content\/uploads\/2025\/09\/Logo-Para-WP.png\" \/>\n\t<meta property=\"og:image:width\" content=\"500\" \/>\n\t<meta property=\"og:image:height\" content=\"500\" \/>\n\t<meta property=\"og:image:type\" content=\"image\/png\" \/>\n<meta name=\"twitter:card\" content=\"summary_large_image\" \/>\n<meta name=\"twitter:label1\" content=\"Tiempo de lectura\" \/>\n\t<meta name=\"twitter:data1\" content=\"2 minutos\" \/>\n<script type=\"application\/ld+json\" class=\"yoast-schema-graph\">{\"@context\":\"https:\/\/schema.org\",\"@graph\":[{\"@type\":\"WebPage\",\"@id\":\"https:\/\/barloventoservicios.com\/web\/proteccion-maritima-para-buques-e-instalaciones-portuarias\/\",\"url\":\"https:\/\/barloventoservicios.com\/web\/proteccion-maritima-para-buques-e-instalaciones-portuarias\/\",\"name\":\"PROTECCI\u00d3N MARITIMA PARA BUQUES E INSTALACIONES PORTUARIAS - Barloventos Servicios\",\"isPartOf\":{\"@id\":\"https:\/\/barloventoservicios.com\/web\/#website\"},\"primaryImageOfPage\":{\"@id\":\"https:\/\/barloventoservicios.com\/web\/proteccion-maritima-para-buques-e-instalaciones-portuarias\/#primaryimage\"},\"image\":{\"@id\":\"https:\/\/barloventoservicios.com\/web\/proteccion-maritima-para-buques-e-instalaciones-portuarias\/#primaryimage\"},\"thumbnailUrl\":\"https:\/\/barloventoservicios.com\/web\/wp-content\/uploads\/2025\/09\/Logo-Para-WP.png\",\"datePublished\":\"2025-10-04T12:49:19+00:00\",\"dateModified\":\"2025-10-15T21:52:09+00:00\",\"breadcrumb\":{\"@id\":\"https:\/\/barloventoservicios.com\/web\/proteccion-maritima-para-buques-e-instalaciones-portuarias\/#breadcrumb\"},\"inLanguage\":\"es\",\"potentialAction\":[{\"@type\":\"ReadAction\",\"target\":[\"https:\/\/barloventoservicios.com\/web\/proteccion-maritima-para-buques-e-instalaciones-portuarias\/\"]}]},{\"@type\":\"ImageObject\",\"inLanguage\":\"es\",\"@id\":\"https:\/\/barloventoservicios.com\/web\/proteccion-maritima-para-buques-e-instalaciones-portuarias\/#primaryimage\",\"url\":\"https:\/\/barloventoservicios.com\/web\/wp-content\/uploads\/2025\/09\/Logo-Para-WP.png\",\"contentUrl\":\"https:\/\/barloventoservicios.com\/web\/wp-content\/uploads\/2025\/09\/Logo-Para-WP.png\",\"width\":500,\"height\":500},{\"@type\":\"BreadcrumbList\",\"@id\":\"https:\/\/barloventoservicios.com\/web\/proteccion-maritima-para-buques-e-instalaciones-portuarias\/#breadcrumb\",\"itemListElement\":[{\"@type\":\"ListItem\",\"position\":1,\"name\":\"Portada\",\"item\":\"https:\/\/barloventoservicios.com\/web\/\"},{\"@type\":\"ListItem\",\"position\":2,\"name\":\"PROTECCI\u00d3N MARITIMA PARA BUQUES E INSTALACIONES PORTUARIAS\"}]},{\"@type\":\"WebSite\",\"@id\":\"https:\/\/barloventoservicios.com\/web\/#website\",\"url\":\"https:\/\/barloventoservicios.com\/web\/\",\"name\":\"Barloventos Servicios\",\"description\":\"\",\"publisher\":{\"@id\":\"https:\/\/barloventoservicios.com\/web\/#organization\"},\"potentialAction\":[{\"@type\":\"SearchAction\",\"target\":{\"@type\":\"EntryPoint\",\"urlTemplate\":\"https:\/\/barloventoservicios.com\/web\/?s={search_term_string}\"},\"query-input\":{\"@type\":\"PropertyValueSpecification\",\"valueRequired\":true,\"valueName\":\"search_term_string\"}}],\"inLanguage\":\"es\"},{\"@type\":\"Organization\",\"@id\":\"https:\/\/barloventoservicios.com\/web\/#organization\",\"name\":\"Barloventos Servicios\",\"url\":\"https:\/\/barloventoservicios.com\/web\/\",\"logo\":{\"@type\":\"ImageObject\",\"inLanguage\":\"es\",\"@id\":\"https:\/\/barloventoservicios.com\/web\/#\/schema\/logo\/image\/\",\"url\":\"https:\/\/barloventoservicios.com\/web\/wp-content\/uploads\/2025\/09\/cropped-Logo-Para-WP.png\",\"contentUrl\":\"https:\/\/barloventoservicios.com\/web\/wp-content\/uploads\/2025\/09\/cropped-Logo-Para-WP.png\",\"width\":512,\"height\":512,\"caption\":\"Barloventos Servicios\"},\"image\":{\"@id\":\"https:\/\/barloventoservicios.com\/web\/#\/schema\/logo\/image\/\"}}]}<\/script>\n<!-- \/ Yoast SEO plugin. -->","yoast_head_json":{"title":"PROTECCI\u00d3N MARITIMA PARA BUQUES E INSTALACIONES PORTUARIAS - Barloventos Servicios","robots":{"index":"index","follow":"follow","max-snippet":"max-snippet:-1","max-image-preview":"max-image-preview:large","max-video-preview":"max-video-preview:-1"},"canonical":"https:\/\/barloventoservicios.com\/web\/proteccion-maritima-para-buques-e-instalaciones-portuarias\/","og_locale":"es_ES","og_type":"article","og_title":"PROTECCI\u00d3N MARITIMA PARA BUQUES E INSTALACIONES PORTUARIAS - Barloventos Servicios","og_description":"PROTECCI\u00d3N MARITIMA PARA BUQUES E INSTALACIONES PORTUARIAS Evaluaciones de protecci\u00f3n, planes de protecci\u00f3n, auditorias internas, ejercicios, practicas y simulacros, controles e inspecciones, formaci\u00f3n y capacitaci\u00f3n, acompa\u00f1amiento y asistencia, proteccion de buques por los preceptos del c\u00f3digo PBIPDe acuerdo al C\u00f3digo PBIP\/ISPS Code y lo dispuesto en el Cap\u00edtulo XI-2 del Convenio SOLAS, todos los buques [&hellip;]","og_url":"https:\/\/barloventoservicios.com\/web\/proteccion-maritima-para-buques-e-instalaciones-portuarias\/","og_site_name":"Barloventos Servicios","article_modified_time":"2025-10-15T21:52:09+00:00","og_image":[{"width":500,"height":500,"url":"https:\/\/barloventoservicios.com\/web\/wp-content\/uploads\/2025\/09\/Logo-Para-WP.png","type":"image\/png"}],"twitter_card":"summary_large_image","twitter_misc":{"Tiempo de lectura":"2 minutos"},"schema":{"@context":"https:\/\/schema.org","@graph":[{"@type":"WebPage","@id":"https:\/\/barloventoservicios.com\/web\/proteccion-maritima-para-buques-e-instalaciones-portuarias\/","url":"https:\/\/barloventoservicios.com\/web\/proteccion-maritima-para-buques-e-instalaciones-portuarias\/","name":"PROTECCI\u00d3N MARITIMA PARA BUQUES E INSTALACIONES PORTUARIAS - Barloventos Servicios","isPartOf":{"@id":"https:\/\/barloventoservicios.com\/web\/#website"},"primaryImageOfPage":{"@id":"https:\/\/barloventoservicios.com\/web\/proteccion-maritima-para-buques-e-instalaciones-portuarias\/#primaryimage"},"image":{"@id":"https:\/\/barloventoservicios.com\/web\/proteccion-maritima-para-buques-e-instalaciones-portuarias\/#primaryimage"},"thumbnailUrl":"https:\/\/barloventoservicios.com\/web\/wp-content\/uploads\/2025\/09\/Logo-Para-WP.png","datePublished":"2025-10-04T12:49:19+00:00","dateModified":"2025-10-15T21:52:09+00:00","breadcrumb":{"@id":"https:\/\/barloventoservicios.com\/web\/proteccion-maritima-para-buques-e-instalaciones-portuarias\/#breadcrumb"},"inLanguage":"es","potentialAction":[{"@type":"ReadAction","target":["https:\/\/barloventoservicios.com\/web\/proteccion-maritima-para-buques-e-instalaciones-portuarias\/"]}]},{"@type":"ImageObject","inLanguage":"es","@id":"https:\/\/barloventoservicios.com\/web\/proteccion-maritima-para-buques-e-instalaciones-portuarias\/#primaryimage","url":"https:\/\/barloventoservicios.com\/web\/wp-content\/uploads\/2025\/09\/Logo-Para-WP.png","contentUrl":"https:\/\/barloventoservicios.com\/web\/wp-content\/uploads\/2025\/09\/Logo-Para-WP.png","width":500,"height":500},{"@type":"BreadcrumbList","@id":"https:\/\/barloventoservicios.com\/web\/proteccion-maritima-para-buques-e-instalaciones-portuarias\/#breadcrumb","itemListElement":[{"@type":"ListItem","position":1,"name":"Portada","item":"https:\/\/barloventoservicios.com\/web\/"},{"@type":"ListItem","position":2,"name":"PROTECCI\u00d3N MARITIMA PARA BUQUES E INSTALACIONES PORTUARIAS"}]},{"@type":"WebSite","@id":"https:\/\/barloventoservicios.com\/web\/#website","url":"https:\/\/barloventoservicios.com\/web\/","name":"Barloventos Servicios","description":"","publisher":{"@id":"https:\/\/barloventoservicios.com\/web\/#organization"},"potentialAction":[{"@type":"SearchAction","target":{"@type":"EntryPoint","urlTemplate":"https:\/\/barloventoservicios.com\/web\/?s={search_term_string}"},"query-input":{"@type":"PropertyValueSpecification","valueRequired":true,"valueName":"search_term_string"}}],"inLanguage":"es"},{"@type":"Organization","@id":"https:\/\/barloventoservicios.com\/web\/#organization","name":"Barloventos Servicios","url":"https:\/\/barloventoservicios.com\/web\/","logo":{"@type":"ImageObject","inLanguage":"es","@id":"https:\/\/barloventoservicios.com\/web\/#\/schema\/logo\/image\/","url":"https:\/\/barloventoservicios.com\/web\/wp-content\/uploads\/2025\/09\/cropped-Logo-Para-WP.png","contentUrl":"https:\/\/barloventoservicios.com\/web\/wp-content\/uploads\/2025\/09\/cropped-Logo-Para-WP.png","width":512,"height":512,"caption":"Barloventos Servicios"},"image":{"@id":"https:\/\/barloventoservicios.com\/web\/#\/schema\/logo\/image\/"}}]}},"_links":{"self":[{"href":"https:\/\/barloventoservicios.com\/web\/wp-json\/wp\/v2\/pages\/196","targetHints":{"allow":["GET"]}}],"collection":[{"href":"https:\/\/barloventoservicios.com\/web\/wp-json\/wp\/v2\/pages"}],"about":[{"href":"https:\/\/barloventoservicios.com\/web\/wp-json\/wp\/v2\/types\/page"}],"author":[{"embeddable":true,"href":"https:\/\/barloventoservicios.com\/web\/wp-json\/wp\/v2\/users\/1"}],"replies":[{"embeddable":true,"href":"https:\/\/barloventoservicios.com\/web\/wp-json\/wp\/v2\/comments?post=196"}],"version-history":[{"count":7,"href":"https:\/\/barloventoservicios.com\/web\/wp-json\/wp\/v2\/pages\/196\/revisions"}],"predecessor-version":[{"id":318,"href":"https:\/\/barloventoservicios.com\/web\/wp-json\/wp\/v2\/pages\/196\/revisions\/318"}],"wp:featuredmedia":[{"embeddable":true,"href":"https:\/\/barloventoservicios.com\/web\/wp-json\/wp\/v2\/media\/27"}],"wp:attachment":[{"href":"https:\/\/barloventoservicios.com\/web\/wp-json\/wp\/v2\/media?parent=196"}],"curies":[{"name":"wp","href":"https:\/\/api.w.org\/{rel}","templated":true}]}}